{"id":2361,"date":"2022-05-09T13:08:47","date_gmt":"2022-05-09T17:08:47","guid":{"rendered":"https:\/\/meechile.cl\/inicio\/producto\/centiel-essentialpower-10-kva-20-kva-rack-torre\/"},"modified":"2022-05-23T13:26:07","modified_gmt":"2022-05-23T17:26:07","slug":"centiel-essentialpower-10-kva-20-kva-rack-torre","status":"publish","type":"product","link":"https:\/\/meechile.cl\/inicio\/producto\/centiel-essentialpower-10-kva-20-kva-rack-torre\/","title":{"rendered":"CENTIEL ESSENTIALPOWER 10 KVA &#8211; 20 KVA (Rack\/Torre)"},"content":{"rendered":"","protected":false},"excerpt":{"rendered":"<p>Capacidades:\u00a0<strong><span style=\"color: #129496;\">10 KVA | 15 KVA | 20 KVA<\/span><\/strong><\/p>\n<p>EssentialPower la soluci\u00f3n m\u00e1s flexible y confiable, ideal para dispositivos de redes peque\u00f1os, servidores, puntos de ventas, grupos de terminales de trabajo e instalaciones industriales peque\u00f1as. El EssentialPower satisface cualquier aplicaci\u00f3n cr\u00edtica b\u00e1sica que demande una alta disponibilidad y flexibilidad.<br \/>\n<!-- wp:button {\"backgroundColor\":\"ast-global-color-0\"} --><\/p>\n<div class=\"wp-block-button\"><a class=\"wp-block-button__link has-ast-global-color-0-background-color has-background\" href=\"https:\/\/meechile.cl\/inicio\/wp-content\/uploads\/2022\/05\/ficha-centiel-essentialpower.pdf\" target=\"_blank\" rel=\"noopener\">Descargar Ficha T\u00e9cnica<\/a><\/div>\n<p><!-- \/wp:button --><\/p>\n","protected":false},"featured_media":2275,"template":"","meta":{"site-sidebar-layout":"default","site-content-layout":"default","ast-global-header-display":"","ast-main-header-display":"","ast-hfb-above-header-display":"","ast-hfb-below-header-display":"","ast-hfb-mobile-header-display":"","site-post-title":"","ast-breadcrumbs-content":"","ast-featured-img":"","footer-sml-layout":"","theme-transparent-header-meta":"default","adv-header-id-meta":"","stick-header-meta":"","header-above-stick-meta":"","header-main-stick-meta":"","header-below-stick-meta":""},"product_cat":[32,29],"product_tag":[],"class_list":["post-2361","product","type-product","status-publish","has-post-thumbnail","hentry","product_cat-ups","product_cat-ups-trimono"],"_links":{"self":[{"href":"https:\/\/meechile.cl\/inicio\/wp-json\/wp\/v2\/product\/2361","targetHints":{"allow":["GET"]}}],"collection":[{"href":"https:\/\/meechile.cl\/inicio\/wp-json\/wp\/v2\/product"}],"about":[{"href":"https:\/\/meechile.cl\/inicio\/wp-json\/wp\/v2\/types\/product"}],"wp:featuredmedia":[{"embeddable":true,"href":"https:\/\/meechile.cl\/inicio\/wp-json\/wp\/v2\/media\/2275"}],"wp:attachment":[{"href":"https:\/\/meechile.cl\/inicio\/wp-json\/wp\/v2\/media?parent=2361"}],"wp:term":[{"taxonomy":"product_cat","embeddable":true,"href":"https:\/\/meechile.cl\/inicio\/wp-json\/wp\/v2\/product_cat?post=2361"},{"taxonomy":"product_tag","embeddable":true,"href":"https:\/\/meechile.cl\/inicio\/wp-json\/wp\/v2\/product_tag?post=2361"}],"curies":[{"name":"wp","href":"https:\/\/api.w.org\/{rel}","templated":true}]}}