{"id":2371,"date":"2022-05-09T13:08:48","date_gmt":"2022-05-09T17:08:48","guid":{"rendered":"https:\/\/meechile.cl\/inicio\/producto\/centiel-premiumtower-10-kw-250-kw\/"},"modified":"2022-05-23T13:27:21","modified_gmt":"2022-05-23T17:27:21","slug":"centiel-premiumtower-10-kw-250-kw","status":"publish","type":"product","link":"https:\/\/meechile.cl\/inicio\/producto\/centiel-premiumtower-10-kw-250-kw\/","title":{"rendered":"CENTIEL PREMIUMTOWER 10 KW &#8211; 250 KW"},"content":{"rendered":"","protected":false},"excerpt":{"rendered":"<p>Capacidades: <span style=\"color: #129496;\"><strong>10 KW | 20 KW | 30 KW | 40 KW | 60 KW | 80 KW | 100 KW | 120 KW | 160 KW | 200 KW | 250 KW<\/strong><\/span><\/p>\n<p>PremiumTower es una fuente de poder suiza sin interrupciones de doble conversi\u00f3n en l\u00ednea de tres fases. Configurable como un SAIS aut\u00f3nomo o un sistema paralelo de m\u00faltiples gabinetes, el PremiumTower provee la mejor flexibilidad para el crecimiento futuro. El PremiumTower ofrece escalabilidad de hasta 7.5 MW y proporciona una eficiencia energ\u00e9tica inigualable en un dise\u00f1o compacto y robusto.<br \/>\n<!-- wp:button {\"backgroundColor\":\"ast-global-color-0\"} --><\/p>\n<div class=\"wp-block-button\"><a class=\"wp-block-button__link has-ast-global-color-0-background-color has-background\" href=\"https:\/\/meechile.cl\/inicio\/wp-content\/uploads\/2022\/05\/ficha-centiel-premiumtower.pdf\" target=\"_blank\" rel=\"noopener\">Descargar Ficha T\u00e9cnica<\/a><\/div>\n<p><!-- \/wp:button --><\/p>\n","protected":false},"featured_media":2286,"template":"","meta":{"site-sidebar-layout":"default","site-content-layout":"default","ast-global-header-display":"","ast-main-header-display":"","ast-hfb-above-header-display":"","ast-hfb-below-header-display":"","ast-hfb-mobile-header-display":"","site-post-title":"","ast-breadcrumbs-content":"","ast-featured-img":"","footer-sml-layout":"","theme-transparent-header-meta":"default","adv-header-id-meta":"","stick-header-meta":"","header-above-stick-meta":"","header-main-stick-meta":"","header-below-stick-meta":""},"product_cat":[32,30],"product_tag":[],"class_list":["post-2371","product","type-product","status-publish","has-post-thumbnail","hentry","product_cat-ups","product_cat-ups-trifasicas"],"_links":{"self":[{"href":"https:\/\/meechile.cl\/inicio\/wp-json\/wp\/v2\/product\/2371","targetHints":{"allow":["GET"]}}],"collection":[{"href":"https:\/\/meechile.cl\/inicio\/wp-json\/wp\/v2\/product"}],"about":[{"href":"https:\/\/meechile.cl\/inicio\/wp-json\/wp\/v2\/types\/product"}],"wp:featuredmedia":[{"embeddable":true,"href":"https:\/\/meechile.cl\/inicio\/wp-json\/wp\/v2\/media\/2286"}],"wp:attachment":[{"href":"https:\/\/meechile.cl\/inicio\/wp-json\/wp\/v2\/media?parent=2371"}],"wp:term":[{"taxonomy":"product_cat","embeddable":true,"href":"https:\/\/meechile.cl\/inicio\/wp-json\/wp\/v2\/product_cat?post=2371"},{"taxonomy":"product_tag","embeddable":true,"href":"https:\/\/meechile.cl\/inicio\/wp-json\/wp\/v2\/product_tag?post=2371"}],"curies":[{"name":"wp","href":"https:\/\/api.w.org\/{rel}","templated":true}]}}