{"id":2377,"date":"2022-05-09T13:08:48","date_gmt":"2022-05-09T17:08:48","guid":{"rendered":"https:\/\/meechile.cl\/inicio\/producto\/centiel-cumuluspower-50-kw-600\/"},"modified":"2022-05-23T13:28:23","modified_gmt":"2022-05-23T17:28:23","slug":"centiel-cumuluspower-50-kw-600","status":"publish","type":"product","link":"https:\/\/meechile.cl\/inicio\/producto\/centiel-cumuluspower-50-kw-600\/","title":{"rendered":"CENTIEL CUMULUSPOWER 50 KW &#8211; 600 KW"},"content":{"rendered":"","protected":false},"excerpt":{"rendered":"<p>CumulusPower Se adapta a m\u00f3dulos de 19\u2033 (IM10\/20\/25) para proporcionarle la m\u00e1xima flexibilidad a la aplicaci\u00f3n final.<\/p>\n<p>Proporciona eficiencias optimizadas de carga parcial y total de hasta el 97% en el modo de doble conversi\u00f3n en l\u00ednea. En el modo ECO ultraseguro, el SAI proporciona una excelente calidad de energ\u00eda con una eficiencia del 99,4%. Est\u00e1 construido con el mismo dise\u00f1o y componentes suizos de alta calidad y ofrece la misma disponibilidad l\u00edder en la industria que los clientes esperan de CENTIEL.<br \/>\n<!-- wp:button {\"backgroundColor\":\"ast-global-color-0\"} --><\/p>\n<div class=\"wp-block-button\"><a class=\"wp-block-button__link has-ast-global-color-0-background-color has-background\" href=\"https:\/\/meechile.cl\/inicio\/wp-content\/uploads\/2022\/05\/ficha-centiel-cumuluspower.pdf\" target=\"_blank\" rel=\"noopener\">Descargar Ficha T\u00e9cnica<\/a><\/div>\n<p><!-- \/wp:button --><\/p>\n","protected":false},"featured_media":2291,"template":"","meta":{"site-sidebar-layout":"default","site-content-layout":"default","ast-global-header-display":"","ast-main-header-display":"","ast-hfb-above-header-display":"","ast-hfb-below-header-display":"","ast-hfb-mobile-header-display":"","site-post-title":"","ast-breadcrumbs-content":"","ast-featured-img":"","footer-sml-layout":"","theme-transparent-header-meta":"default","adv-header-id-meta":"","stick-header-meta":"","header-above-stick-meta":"","header-main-stick-meta":"","header-below-stick-meta":""},"product_cat":[32,31],"product_tag":[],"class_list":["post-2377","product","type-product","status-publish","has-post-thumbnail","hentry","product_cat-ups","product_cat-ups-modulares"],"_links":{"self":[{"href":"https:\/\/meechile.cl\/inicio\/wp-json\/wp\/v2\/product\/2377","targetHints":{"allow":["GET"]}}],"collection":[{"href":"https:\/\/meechile.cl\/inicio\/wp-json\/wp\/v2\/product"}],"about":[{"href":"https:\/\/meechile.cl\/inicio\/wp-json\/wp\/v2\/types\/product"}],"wp:featuredmedia":[{"embeddable":true,"href":"https:\/\/meechile.cl\/inicio\/wp-json\/wp\/v2\/media\/2291"}],"wp:attachment":[{"href":"https:\/\/meechile.cl\/inicio\/wp-json\/wp\/v2\/media?parent=2377"}],"wp:term":[{"taxonomy":"product_cat","embeddable":true,"href":"https:\/\/meechile.cl\/inicio\/wp-json\/wp\/v2\/product_cat?post=2377"},{"taxonomy":"product_tag","embeddable":true,"href":"https:\/\/meechile.cl\/inicio\/wp-json\/wp\/v2\/product_tag?post=2377"}],"curies":[{"name":"wp","href":"https:\/\/api.w.org\/{rel}","templated":true}]}}