{"id":2464,"date":"2022-05-11T11:20:02","date_gmt":"2022-05-11T15:20:02","guid":{"rendered":"https:\/\/meechile.cl\/inicio\/?post_type=product&#038;p=2464"},"modified":"2022-05-15T20:37:30","modified_gmt":"2022-05-16T00:37:30","slug":"ritar-serie-ra","status":"publish","type":"product","link":"https:\/\/meechile.cl\/inicio\/producto\/ritar-serie-ra\/","title":{"rendered":"RITAR SERIE RA"},"content":{"rendered":"\n<table id=\"tablepress-2\" class=\"tablepress tablepress-id-2\">\n<thead>\n<tr class=\"row-1\">\n\t<th class=\"column-1\">Modelo<\/th><th class=\"column-2\">Voltaje Nominal (V)<\/th><th class=\"column-3\">Capacidad<\/th><th class=\"column-4\">Largo<\/th><th class=\"column-5\">Ancho<\/th><th class=\"column-6\">Altura<\/th><th class=\"column-7\">Altura Total<\/th><th class=\"column-8\">Peso (Kg)<\/th>\n<\/tr>\n<\/thead>\n<tbody class=\"row-hover\">\n<tr class=\"row-2\">\n\t<td class=\"column-1\"><a href=\"https:\/\/meechile.cl\/inicio\/wp-content\/uploads\/2022\/05\/RA1233.pdf\" rel=\"noopener\" target=\"_blank\">RA1233<\/a><\/td><td class=\"column-2\">12<\/td><td class=\"column-3\">33<\/td><td class=\"column-4\">195<\/td><td class=\"column-5\">130<\/td><td class=\"column-6\">155<\/td><td class=\"column-7\">168<\/td><td class=\"column-8\">9.6<\/td>\n<\/tr>\n<tr class=\"row-3\">\n\t<td class=\"column-1\"><a href=\"https:\/\/meechile.cl\/inicio\/wp-content\/uploads\/2022\/05\/RA1240.pdf\" rel=\"noopener\" target=\"_blank\">RA1240<\/a><\/td><td class=\"column-2\">12<\/td><td class=\"column-3\">40<\/td><td class=\"column-4\">198<\/td><td class=\"column-5\">166<\/td><td class=\"column-6\">169<\/td><td class=\"column-7\">169<\/td><td class=\"column-8\">11.5<\/td>\n<\/tr>\n<tr class=\"row-4\">\n\t<td class=\"column-1\"><a href=\"https:\/\/meechile.cl\/inicio\/wp-content\/uploads\/2022\/05\/RA1255.pdf\" rel=\"noopener\" target=\"_blank\">RA1255<\/a><\/td><td class=\"column-2\">12<\/td><td class=\"column-3\">55<\/td><td class=\"column-4\">229<\/td><td class=\"column-5\">138<\/td><td class=\"column-6\">211<\/td><td class=\"column-7\">216<\/td><td class=\"column-8\">15.5<\/td>\n<\/tr>\n<tr class=\"row-5\">\n\t<td class=\"column-1\"><a href=\"https:\/\/meechile.cl\/inicio\/wp-content\/uploads\/2022\/05\/RA1280.pdf\" rel=\"noopener\" target=\"_blank\">RA1280<\/a><\/td><td class=\"column-2\">12<\/td><td class=\"column-3\">80<\/td><td class=\"column-4\">350<\/td><td class=\"column-5\">167<\/td><td class=\"column-6\">182<\/td><td class=\"column-7\">182<\/td><td class=\"column-8\">21.5<\/td>\n<\/tr>\n<tr class=\"row-6\">\n\t<td class=\"column-1\"><a href=\"https:\/\/meechile.cl\/inicio\/wp-content\/uploads\/2022\/05\/RA12100.pdf\" rel=\"noopener\" target=\"_blank\">RA12100<\/a><\/td><td class=\"column-2\">12<\/td><td class=\"column-3\">100<\/td><td class=\"column-4\">328<\/td><td class=\"column-5\">172<\/td><td class=\"column-6\">215<\/td><td class=\"column-7\">220<\/td><td class=\"column-8\">27.5<\/td>\n<\/tr>\n<tr class=\"row-7\">\n\t<td class=\"column-1\"><a href=\"https:\/\/meechile.cl\/inicio\/wp-content\/uploads\/2022\/05\/RA12150.pdf\" rel=\"noopener\" target=\"_blank\">RA12150<\/a><\/td><td class=\"column-2\">12<\/td><td class=\"column-3\">150<\/td><td class=\"column-4\">483<\/td><td class=\"column-5\">170<\/td><td class=\"column-6\">241<\/td><td class=\"column-7\">241<\/td><td class=\"column-8\">41.5<\/td>\n<\/tr>\n<tr class=\"row-8\">\n\t<td class=\"column-1\"><a href=\"https:\/\/meechile.cl\/inicio\/wp-content\/uploads\/2022\/05\/RA12200.pdf\" rel=\"noopener\" target=\"_blank\">RA12200<\/a><\/td><td class=\"column-2\">12<\/td><td class=\"column-3\">200<\/td><td class=\"column-4\">522<\/td><td class=\"column-5\">240<\/td><td class=\"column-6\">219<\/td><td class=\"column-7\">224<\/td><td class=\"column-8\">56.5<\/td>\n<\/tr>\n<tr class=\"row-9\">\n\t<td class=\"column-1\"><a href=\"https:\/\/meechile.cl\/inicio\/wp-content\/uploads\/2022\/05\/RA1233G.pdf\" rel=\"noopener\" target=\"_blank\">RA1233G<\/a><\/td><td class=\"column-2\">12<\/td><td class=\"column-3\">33<\/td><td class=\"column-4\">195<\/td><td class=\"column-5\">130<\/td><td class=\"column-6\">155<\/td><td class=\"column-7\">168<\/td><td class=\"column-8\">9,0<\/td>\n<\/tr>\n<tr class=\"row-10\">\n\t<td class=\"column-1\">RA1240G<\/td><td class=\"column-2\">12<\/td><td class=\"column-3\">40<\/td><td class=\"column-4\">198<\/td><td class=\"column-5\">166<\/td><td class=\"column-6\">169<\/td><td class=\"column-7\">169<\/td><td class=\"column-8\">11,4<\/td>\n<\/tr>\n<tr class=\"row-11\">\n\t<td class=\"column-1\"><a href=\"https:\/\/meechile.cl\/inicio\/wp-content\/uploads\/2022\/05\/RA1255G.pdf\" rel=\"noopener\" target=\"_blank\">RA1255G<\/a><\/td><td class=\"column-2\">12<\/td><td class=\"column-3\">55<\/td><td class=\"column-4\">229<\/td><td class=\"column-5\">138<\/td><td class=\"column-6\">211<\/td><td class=\"column-7\">216<\/td><td class=\"column-8\">15,5<\/td>\n<\/tr>\n<tr class=\"row-12\">\n\t<td class=\"column-1\"><a href=\"https:\/\/meechile.cl\/inicio\/wp-content\/uploads\/2022\/05\/RA12100G.pdf\" rel=\"noopener\" target=\"_blank\">RA12100G<\/a><\/td><td class=\"column-2\">12<\/td><td class=\"column-3\">100<\/td><td class=\"column-4\">328<\/td><td class=\"column-5\">172<\/td><td class=\"column-6\">215<\/td><td class=\"column-7\">220<\/td><td class=\"column-8\">28,5<\/td>\n<\/tr>\n<\/tbody>\n<\/table>\n<!-- #tablepress-2 from cache -->\n","protected":false},"excerpt":{"rendered":"<p>Voltajes disponibles:<strong><span style=\"color: #129496;\"> 6V\/12V<\/span><\/strong><\/p>\n<p>Capacidades: <strong><span style=\"color: #129496;\">33Ah~260Ah<\/span><\/strong><\/p>\n<p>Larga vida de dise\u00f1o<br \/>\nBaja tasa de autodescarga<br \/>\nBuen rendimiento de descarga de alta tasa<br \/>\nAmplio rango de temperatura de operaci\u00f3n<br \/>\nAplicaci\u00f3n: sistemas de telecomunicaciones, sistemas de alarma y contra incendios, sistemas de emergencia, herramientas el\u00e9ctricas, equipos m\u00e9dicos, UPS\/EPS, inversores\/controladores solares, etc.<\/p>\n","protected":false},"featured_media":2467,"template":"","meta":{"site-sidebar-layout":"default","site-content-layout":"default","ast-global-header-display":"","ast-main-header-display":"","ast-hfb-above-header-display":"","ast-hfb-below-header-display":"","ast-hfb-mobile-header-display":"","site-post-title":"","ast-breadcrumbs-content":"","ast-featured-img":"","footer-sml-layout":"","theme-transparent-header-meta":"default","adv-header-id-meta":"","stick-header-meta":"","header-above-stick-meta":"","header-main-stick-meta":"","header-below-stick-meta":""},"product_cat":[33],"product_tag":[],"class_list":["post-2464","product","type-product","status-publish","has-post-thumbnail","hentry","product_cat-baterias"],"_links":{"self":[{"href":"https:\/\/meechile.cl\/inicio\/wp-json\/wp\/v2\/product\/2464","targetHints":{"allow":["GET"]}}],"collection":[{"href":"https:\/\/meechile.cl\/inicio\/wp-json\/wp\/v2\/product"}],"about":[{"href":"https:\/\/meechile.cl\/inicio\/wp-json\/wp\/v2\/types\/product"}],"wp:featuredmedia":[{"embeddable":true,"href":"https:\/\/meechile.cl\/inicio\/wp-json\/wp\/v2\/media\/2467"}],"wp:attachment":[{"href":"https:\/\/meechile.cl\/inicio\/wp-json\/wp\/v2\/media?parent=2464"}],"wp:term":[{"taxonomy":"product_cat","embeddable":true,"href":"https:\/\/meechile.cl\/inicio\/wp-json\/wp\/v2\/product_cat?post=2464"},{"taxonomy":"product_tag","embeddable":true,"href":"https:\/\/meechile.cl\/inicio\/wp-json\/wp\/v2\/product_tag?post=2464"}],"curies":[{"name":"wp","href":"https:\/\/api.w.org\/{rel}","templated":true}]}}