{"id":2490,"date":"2022-05-11T15:04:31","date_gmt":"2022-05-11T19:04:31","guid":{"rendered":"https:\/\/meechile.cl\/inicio\/?post_type=product&#038;p=2490"},"modified":"2022-05-13T12:56:23","modified_gmt":"2022-05-13T16:56:23","slug":"isg-pme-r3","status":"publish","type":"product","link":"https:\/\/meechile.cl\/inicio\/producto\/isg-pme-r3\/","title":{"rendered":"ISG PME &#8211; R3"},"content":{"rendered":"","protected":false},"excerpt":{"rendered":"<p><span>Debido al dise\u00f1o compacto, la alta densidad de potencia, el bajo peso y las posibilidades de aplicaci\u00f3n universal, el rectificador de servicio ajustable trif\u00e1sico es parte del equipo est\u00e1ndar de todos los veh\u00edculos de servicio y emergencia.\u00a0<\/span><span>Sus tres m\u00f3dulos de potencia y las funciones integradas de la estaci\u00f3n de energ\u00eda multifuncional PME-R3 permiten cargar todos los tipos de bater\u00edas habituales con una tensi\u00f3n de carga de hasta 300 V.<\/span><br \/>\n<!-- wp:button {\"backgroundColor\":\"ast-global-color-0\"} --><\/p>\n<div class=\"wp-block-button\"><a class=\"wp-block-button__link has-ast-global-color-0-background-color has-background\" href=\"https:\/\/meechile.cl\/inicio\/wp-content\/uploads\/2022\/05\/fichas-isg-rectificador-r3.pdf\" target=\"_blank\" rel=\"noopener\">Descargar Ficha T\u00e9cnica<\/a><\/div>\n<p><!-- \/wp:button --><\/p>\n","protected":false},"featured_media":2491,"template":"","meta":{"site-sidebar-layout":"default","site-content-layout":"default","ast-global-header-display":"","ast-main-header-display":"","ast-hfb-above-header-display":"","ast-hfb-below-header-display":"","ast-hfb-mobile-header-display":"","site-post-title":"","ast-breadcrumbs-content":"","ast-featured-img":"","footer-sml-layout":"","theme-transparent-header-meta":"default","adv-header-id-meta":"","stick-header-meta":"","header-above-stick-meta":"","header-main-stick-meta":"","header-below-stick-meta":""},"product_cat":[38],"product_tag":[],"class_list":["post-2490","product","type-product","status-publish","has-post-thumbnail","hentry","product_cat-rectificadores"],"_links":{"self":[{"href":"https:\/\/meechile.cl\/inicio\/wp-json\/wp\/v2\/product\/2490","targetHints":{"allow":["GET"]}}],"collection":[{"href":"https:\/\/meechile.cl\/inicio\/wp-json\/wp\/v2\/product"}],"about":[{"href":"https:\/\/meechile.cl\/inicio\/wp-json\/wp\/v2\/types\/product"}],"wp:featuredmedia":[{"embeddable":true,"href":"https:\/\/meechile.cl\/inicio\/wp-json\/wp\/v2\/media\/2491"}],"wp:attachment":[{"href":"https:\/\/meechile.cl\/inicio\/wp-json\/wp\/v2\/media?parent=2490"}],"wp:term":[{"taxonomy":"product_cat","embeddable":true,"href":"https:\/\/meechile.cl\/inicio\/wp-json\/wp\/v2\/product_cat?post=2490"},{"taxonomy":"product_tag","embeddable":true,"href":"https:\/\/meechile.cl\/inicio\/wp-json\/wp\/v2\/product_tag?post=2490"}],"curies":[{"name":"wp","href":"https:\/\/api.w.org\/{rel}","templated":true}]}}