{"id":2653,"date":"2022-05-19T14:35:32","date_gmt":"2022-05-19T18:35:32","guid":{"rendered":"https:\/\/meechile.cl\/inicio\/?post_type=product&#038;p=2653"},"modified":"2022-05-19T14:35:33","modified_gmt":"2022-05-19T18:35:33","slug":"hiref-nrg","status":"publish","type":"product","link":"https:\/\/meechile.cl\/inicio\/producto\/hiref-nrg\/","title":{"rendered":"HIREF NRG"},"content":{"rendered":"<ul>\n<li>Eficiencia m\u00e1xima de instalaci\u00f3n con los compresores BLDC y los ventiladores EC<\/li>\n<li>Bater\u00edas evaporadoras con tratamiento hidr\u00f3filo<\/li>\n<li>Acceso completo desde el frente de la unidad<\/li>\n<\/ul>\n","protected":false},"excerpt":{"rendered":"<p>Acondicionadores perimetrales de expansi\u00f3n directa con compresores BLDC modulantes<br \/>\nRango: <strong><span style=\"color: #129496;\">10kW a 99kW<\/span><\/strong><\/p>\n<p>Los acondicionadores perimetrales NRG de HiRef est\u00e1n dise\u00f1ados para el acondicionamiento de entornos tecnol\u00f3gicos de alta densidad t\u00e9rmica en los que se requiere un control preciso de los par\u00e1metros termohigrom\u00e9tricos y un funcionamiento continuo. El punto fuerte de la gama NRG est\u00e1 representado por los compresores BLDC accionados con inverter, que siguen la carga t\u00e9rmica con extrema precisi\u00f3n. El uso de ventiladores EC (de serie), v\u00e1lvulas de laminaci\u00f3n con control electr\u00f3nico (de serie) y las configuraciones con sistema Dual Cooling o Free-Cooling permiten alcanzar altos rendimientos con un limitado consumo de energ\u00eda, en beneficio del PUE del Data Center.<\/p>\n","protected":false},"featured_media":2654,"template":"","meta":{"site-sidebar-layout":"default","site-content-layout":"default","ast-global-header-display":"","ast-main-header-display":"","ast-hfb-above-header-display":"","ast-hfb-below-header-display":"","ast-hfb-mobile-header-display":"","site-post-title":"","ast-breadcrumbs-content":"","ast-featured-img":"","footer-sml-layout":"","theme-transparent-header-meta":"default","adv-header-id-meta":"","stick-header-meta":"","header-above-stick-meta":"","header-main-stick-meta":"","header-below-stick-meta":""},"product_cat":[46,48],"product_tag":[],"class_list":["post-2653","product","type-product","status-publish","has-post-thumbnail","hentry","product_cat-clima-de-precision","product_cat-equipos-perimetrales"],"_links":{"self":[{"href":"https:\/\/meechile.cl\/inicio\/wp-json\/wp\/v2\/product\/2653","targetHints":{"allow":["GET"]}}],"collection":[{"href":"https:\/\/meechile.cl\/inicio\/wp-json\/wp\/v2\/product"}],"about":[{"href":"https:\/\/meechile.cl\/inicio\/wp-json\/wp\/v2\/types\/product"}],"wp:featuredmedia":[{"embeddable":true,"href":"https:\/\/meechile.cl\/inicio\/wp-json\/wp\/v2\/media\/2654"}],"wp:attachment":[{"href":"https:\/\/meechile.cl\/inicio\/wp-json\/wp\/v2\/media?parent=2653"}],"wp:term":[{"taxonomy":"product_cat","embeddable":true,"href":"https:\/\/meechile.cl\/inicio\/wp-json\/wp\/v2\/product_cat?post=2653"},{"taxonomy":"product_tag","embeddable":true,"href":"https:\/\/meechile.cl\/inicio\/wp-json\/wp\/v2\/product_tag?post=2653"}],"curies":[{"name":"wp","href":"https:\/\/api.w.org\/{rel}","templated":true}]}}