{"id":2688,"date":"2022-05-20T09:13:54","date_gmt":"2022-05-20T13:13:54","guid":{"rendered":"https:\/\/meechile.cl\/inicio\/?post_type=product&#038;p=2688"},"modified":"2022-05-20T09:13:54","modified_gmt":"2022-05-20T13:13:54","slug":"hiref-hts","status":"publish","type":"product","link":"https:\/\/meechile.cl\/inicio\/producto\/hiref-hts\/","title":{"rendered":"HIREF HTS"},"content":{"rendered":"<ul>\n<li>Refrigeraci\u00f3n de emergencia a 24Vdc o 48Vdc<\/li>\n<li>V\u00e1lvula de expansi\u00f3n el\u00e9ctrica con control electr\u00f3nico<\/li>\n<li>Resistencia el\u00e9ctrica<\/li>\n<li>Compuerta adicional de Free Cooling modulante<\/li>\n<li>Control de condensaci\u00f3n por regulaci\u00f3n de velocidad del ventilador<\/li>\n<li>Bater\u00eda condensador con tratamiento epoxy o cobre\/cobre<\/li>\n<li>Display de control remoto<\/li>\n<li>Microprocesador programable<\/li>\n<li>Ventiladores lado evaporador a palas hacia atr\u00e1s y motores EC<\/li>\n<li>Tarjetas de serie para protocolos: Carel\/Modbus\/Lonworks\/Trend<\/li>\n<li>Hardware HIWEB: Tarjeta Ethernet para: Bacnet \/ SNMP<\/li>\n<li>Software HIWEB: Tarjeta Ethernet para conectividad web<\/li>\n<li>Modem GSM para comunicaci\u00f3n mediante SMS<\/li>\n<li>Conexi\u00f3n LAN de hasta 8 unidades<\/li>\n<li>Control Gr\u00e1fico con pantalla t\u00e1ctil a color<\/li>\n<li>Versi\u00f3n con compresor a inverter BLDC<\/li>\n<\/ul>\n","protected":false},"excerpt":{"rendered":"<p>Acondicionadores de expansi\u00f3n directa<br \/>\nRango:<strong><span style=\"color: #129496;\"> 3kW a 39kW<\/span><\/strong><\/p>\n<ul>\n<li>Unidad partida con motocondensador exterior y unidad interior\u2026..evaporadora (para montaje en techo o pared)<\/li>\n<li>Microprocesador programable<\/li>\n<li>Ventilador exterior de 6 polos para un menor nivel sonoro<\/li>\n<li>Ventilador interior con varias velocidades<\/li>\n<li>Doble bandeja de condensados<\/li>\n<li>Rejilla de impulsi\u00f3n de aire ajustable<\/li>\n<li>Ventiladores plug<\/li>\n<li>Versi\u00f3n para canales<\/li>\n<\/ul>\n","protected":false},"featured_media":2689,"template":"","meta":{"site-sidebar-layout":"default","site-content-layout":"default","ast-global-header-display":"","ast-main-header-display":"","ast-hfb-above-header-display":"","ast-hfb-below-header-display":"","ast-hfb-mobile-header-display":"","site-post-title":"","ast-breadcrumbs-content":"","ast-featured-img":"","footer-sml-layout":"","theme-transparent-header-meta":"default","adv-header-id-meta":"","stick-header-meta":"","header-above-stick-meta":"","header-main-stick-meta":"","header-below-stick-meta":""},"product_cat":[46,50],"product_tag":[],"class_list":["post-2688","product","type-product","status-publish","has-post-thumbnail","hentry","product_cat-clima-de-precision","product_cat-equipos-tipo-mochila"],"_links":{"self":[{"href":"https:\/\/meechile.cl\/inicio\/wp-json\/wp\/v2\/product\/2688","targetHints":{"allow":["GET"]}}],"collection":[{"href":"https:\/\/meechile.cl\/inicio\/wp-json\/wp\/v2\/product"}],"about":[{"href":"https:\/\/meechile.cl\/inicio\/wp-json\/wp\/v2\/types\/product"}],"wp:featuredmedia":[{"embeddable":true,"href":"https:\/\/meechile.cl\/inicio\/wp-json\/wp\/v2\/media\/2689"}],"wp:attachment":[{"href":"https:\/\/meechile.cl\/inicio\/wp-json\/wp\/v2\/media?parent=2688"}],"wp:term":[{"taxonomy":"product_cat","embeddable":true,"href":"https:\/\/meechile.cl\/inicio\/wp-json\/wp\/v2\/product_cat?post=2688"},{"taxonomy":"product_tag","embeddable":true,"href":"https:\/\/meechile.cl\/inicio\/wp-json\/wp\/v2\/product_tag?post=2688"}],"curies":[{"name":"wp","href":"https:\/\/api.w.org\/{rel}","templated":true}]}}